False
Is 17647458629 prime?
False
Is 1563678517 a composite number?
False
Is 123932314273 composite?
False
Is 47763374089 composite?
False
Is 20131887469 prime?
True
Is 3186997499 composite?
True
Is 15107484523 a composite number?
False
Is 11482715131 prime?
True
Is 3198876023 a composite number?
True
Is 531458449 prime?
True
Is 2995535161 composite?
False
Is 5558823817 prime?
True
Is 47330293 a prime number?
True
Is 4214760461 a composite number?
True
Is 6322148777 prime?
False
Is 73109319643 prime?
True
Is 5292121291 a composite number?
True
Is 24193342807 prime?
True
Is 1249259161 a prime number?
False
Is 16423214219 composite?
True
Is 21018378827 a prime number?
False
Is 15100110827 a composite number?
True
Is 81977003 a prime number?
True
Is 3375158227 prime?
False
Is 6150375443 a prime number?
True
Is 21720799141 prime?
False
Is 85178587723 a prime number?
False
Is 9297224603 a composite number?
True
Is 1674107573 prime?
True
Is 78888654263 a composite number?
True
Is 147005471 a composite number?
False
Is 322870183 prime?
True
Is 317536981 a prime number?
True
Is 1157032649 a composite number?
False
Is 12293827223 a composite number?
False
Is 14776250831 prime?
True
Is 21256683901 a prime number?
True
Is 46949022563 a prime number?
True
Is 7817413031 a prime number?
True
Is 11430697039 a composite number?
True
Is 17722772803 prime?
False
Is 36597750335 a prime number?
False
Is 9354896101 prime?
False
Is 13435458385 composite?
True
Is 949790747 a prime number?
True
Is 56311791623 prime?
False
Is 1219715621 composite?
True
Is 81626966881 prime?
False
Is 25110398 composite?
True
Is 22926767 a prime number?
True
Is 362543677 prime?
True
Is 501104587 composite?
False
Is 49330519561 composite?
False
Is 352360835 composite?
True
Is 76068458 a prime number?
False
Is 15969196142 a prime number?
False
Is 7646916218 a prime number?
False
Is 593949361 a prime number?
False
Is 151492651 a composite number?
True
Is 7286994179 prime?
False
Is 12341806457 a prime number?
False
Is 6568105 composite?
True
Is 10012925891 a prime number?
False
Is 21920669389 prime?
True
Is 1158179791 a prime number?
False
Is 11668600829 a composite number?
False
Is 134820087769 composite?
False
Is 28697890951 prime?
True
Is 5252290889 composite?
False
Is 773609341 composite?
True
Is 1162434527 a prime number?
True
Is 14315931209 a prime number?
True
Is 31427158169 a prime number?
False
Is 13487410778 composite?
True
Is 123208639 a prime number?
False
Is 280814873 composite?
False
Is 7491275261 composite?
False
Is 1972964317 a prime number?
True
Is 1580644277 composite?
False
Is 765294143 a prime number?
True
Is 43952144557 a composite number?
False
Is 2138161037 a prime number?
True
Is 5722941781 composite?
False
Is 3848538781 a composite number?
True
Is 8536084477 composite?
False
Is 2851787849 a composite number?
True
Is 203741399 a prime number?
True
Is 8413571587 prime?
False
Is 2234869951 a composite number?
False
Is 65366201 a composite number?
True
Is 13038870839 prime?
True
Is 12669051709 composite?
True
Is 8609061841 a composite number?
False
Is 1550407778 composite?
True
Is 2390627551 a prime number?
False
Is 146051753 a prime number?
True
Is 1424775037 composite?
True
Is 8275827557 a prime number?
False
Is 11904693347 composite?
True
Is 26303183099 composite?
False
Is 2385376559 a prime number?
True
Is 42711921949 composite?
True
Is 1867110461 a prime number?
False
Is 102695261 prime?
True
Is 282572681 composite?
False
Is 44903214089 a composite number?
False
Is 114099954809 a composite number?
False
Is 4308460593 prime?
False
Is 6893747629 composite?
False
Is 15241700209 composite?
True
Is 1576342367 prime?
True
Is 938065103 a prime number?
False
Is 604306193 prime?
False
Is 1094424763 a composite number?
False
Is 1412359951 a prime number?
True
Is 54587174 a prime number?
False
Is 969098761 composite?
False
Is 39304175147 prime?
True
Is 1715095393 composite?
True
Is 2398339109 composite?
True
Is 334560038245 a composite number?
True
Is 42762152585 a prime number?
False
Is 110963674517 a composite number?
False
Is 1498546729 a prime number?
True
Is 5730100802 prime?
False
Is 1448179709 a composite number?
False
Is 64107552941 a prime number?
True
Is 65637218615 composite?
True
Is 198640109 a composite number?
True
Is 761586217 a composite number?
True
Is 267634814 prime?
False
Is 364438247 composite?
False
Is 393024713 a composite number?
True
Is 37960445869 a prime number?
False
Is 434967829 prime?
True
Is 185865163999 a composite number?
False
Is 2315330713 composite?
False
Is 31657223953 a composite number?
True
Is 251823417 a composite number?
True
Is 21979382021 a prime number?
False
Is 5076708773 composite?
False
Is 630883271 a prime number?
True
Is 1287139661 a prime number?
False
Is 3002872981 a composite number?
True
Is 753488579 composite?
True
Is 300524779 prime?
False
Is 297231743 prime?
True
Is 1713178249 composite?
False
Is 36950174021 a prime number?
True
Is 207352913 composite?
False
Is 843154813 prime?
True
Is 100475268613 a prime number?
True
Is 140974998097 a prime number?
True
Is 1670366905 a prime number?
False
Is 16040699 a composite number?
False
Is 1311148921 prime?
False
Is 48970117441 prime?
False
Is 628488431 a composite number?
False
Is 8303775317 prime?
False
Is 1481182693 prime?
True
Is 2118847691 prime?
True
Is 393801547 a composite number?
False
Is 3867365729 prime?
True
Is 45499120871 a composite number?
False
Is 709115983 composite?
False
Is 179505037 a prime number?
True
Is 304727831 a prime number?
True
Is 2823100939 a prime number?
True
Is 140371099 a composite number?
True
Is 422409773 a prime number?
False
Is 2070418613 a prime number?
False
Is 644438891 a prime number?
False
Is 316773811 a prime number?
True
Is 20935575659 a composite number?
True
Is 114949585793 prime?
False
Is 992508787 a prime number?
False
Is 9804967741 composite?
False
Is 615880819 composite?
False
Is 2166109403 a prime number?
False
Is 63111198719 a prime number?
True
Is 1157430191 a prime number?
True
Is 22210532843 a composite number?
True
Is 5186885483 a prime number?
False
Is 125374099541 prime?
True
Is 11453936647 a prime number?
True
Is 552583457 composite?
True
Is 40378085911 a prime number?
True
Is 627243761 a prime number?
True
Is 11740684261 a prime number?
False
Is 5201447389 a prime number?
False
Is 84634766569 prime?
False
Is 2454102381 composite?
True
Is 30972673 a prime number?
True
Is 63644351443 a prime number?
False
Is 245436271 a composite number?
False
Is 1465169773 composite?
False
Is 676994669 a composite number?
True
Is 393749627 composite?
True
Is 9858282521 a prime number?
True
Is 1057146523 a prime number?
True
Is 1240251209 a composite number?
False
Is 40232639 a composite number?
True
Is 1637649397 a composite number?
False
Is 7620652379 prime?
True
Is 28028686729 a prime number?
False
Is 22107723367 composite?
False
Is 36180241171 a composite number?
False
Is 9321945481 a composite number?
False
Is 93096659 a composite number?
False
Is 255823781 a prime number?
False
Is 182872343 composite?
True
Is 29472120383 a composite number?
True
Is 753163043 composite?
False
Is 2023369611 a prime number?
False
Is 35530441 a composite number?
False
Is 41540604377 a composite number?
False
Is 884789 a prime number?
True
Is 11521482809 composite?
False
Is 90554865839 composite?
True
Is 655421597 a composite number?
False
Is 4334500369 a composite number?
True
Is 2512255051 composite?
False
Is 20332043 composite?
False
Is 16997654537 composite?
True
Is 9823938763 prime?
True
Is 153576719 a composite number?
False
Is 690965939 a composite number?
True
Is 804359 composite?
True
Is 86396813741 a prime number?
False
Is 38460197 a composite number?
False
Is 892202651 composite?
True
Is 1679862773 a prime number?
False
Is 1534750411 prime?
False
Is 1664553643 composite?
True
Is 34961649871 composite?
False
Is 4392141991 a prime number?
False
Is 12399146791 a prime number?
True
Is 483506137 a composite number?
False
Is 13601763799 prime?
False
Is 40084084913 a prime number?
True
Is 24689875499 a composite number?
False
Is 18525612841 composite?
False
Is 51316601 composite?
True
Is 103079250707 prime?
False
Is 13150502887 composite?
True
